{"id":11506,"date":"2023-07-14T11:44:42","date_gmt":"2023-07-14T09:44:42","guid":{"rendered":"https:\/\/simon-tv.com\/?post_type=product&#038;p=11506"},"modified":"2023-07-14T18:22:09","modified_gmt":"2023-07-14T16:22:09","slug":"je-veux-pas-aller-a-lecole","status":"publish","type":"product","link":"https:\/\/simon-tv.com\/fr\/produit\/je-veux-pas-aller-a-lecole\/","title":{"rendered":"Je veux pas aller \u00e0 l\u2019\u00e9cole"},"content":{"rendered":"<p>C&rsquo;est la veille de la rentr\u00e9e et Simon a une nouvelle r\u00e9plique pr\u00e9f\u00e9r\u00e9e. Quand sa maman lui dit : \u00ab Tu vas aller \u00e0 l&rsquo;\u00e9cole \u00bb, quand son papa lui promet : \u00ab Tu vas apprendre l&rsquo;alphabet \u00bb, Simon prend un air effar\u00e9 et grognon et il crie : \u00ab \u00c7a va pas non ! \u00bb C&rsquo;est le jour de la rentr\u00e9e et Simon ne veut pas y aller. Mais une fois sur place, apr\u00e8s avoir un peu pleur\u00e9, il s&rsquo;aper\u00e7oit qu&rsquo;on fait plein de choses formidables \u00e0 l&rsquo;\u00e9cole. Alors, le soir, quand la ma\u00eetresse lui dit qu&rsquo;il faut partir, savez-vous ce qu&rsquo;il r\u00e9pond ?<\/p>\n","protected":false},"excerpt":{"rendered":"<p>Ecole Des Loisirs<\/p>\n","protected":false},"featured_media":11507,"comment_status":"closed","ping_status":"closed","template":"","meta":{"_et_pb_use_builder":"","_et_pb_old_content":"","_et_gb_content_width":""},"product_brand":[],"product_cat":[48],"product_tag":[177,180,183],"class_list":{"0":"post-11506","1":"product","2":"type-product","3":"status-publish","4":"has-post-thumbnail","6":"product_cat-livres","7":"product_tag-espana-fr","8":"product_tag-france-fr","9":"product_tag-italy-fr","11":"first","12":"instock","13":"shipping-taxable","14":"product-type-simple"},"acf":[],"yoast_head":"<!-- This site is optimized with the Yoast SEO plugin v26.4 - https:\/\/yoast.com\/wordpress\/plugins\/seo\/ -->\n<title>Je veux pas aller \u00e0 l\u2019\u00e9cole - Simon<\/title>\n<meta name=\"robots\" content=\"index, follow, max-snippet:-1, max-image-preview:large, max-video-preview:-1\" \/>\n<link rel=\"canonical\" href=\"https:\/\/simon-tv.com\/fr\/produit\/je-veux-pas-aller-a-lecole\/\" \/>\n<meta property=\"og:locale\" content=\"fr_FR\" \/>\n<meta property=\"og:type\" content=\"article\" \/>\n<meta property=\"og:title\" content=\"Je veux pas aller \u00e0 l\u2019\u00e9cole - Simon\" \/>\n<meta property=\"og:description\" content=\"Ecole Des Loisirs\" \/>\n<meta property=\"og:url\" content=\"https:\/\/simon-tv.com\/fr\/produit\/je-veux-pas-aller-a-lecole\/\" \/>\n<meta property=\"og:site_name\" content=\"Simon\" \/>\n<meta property=\"article:modified_time\" content=\"2023-07-14T16:22:09+00:00\" \/>\n<meta property=\"og:image\" content=\"https:\/\/simon-tv.com\/wp-content\/uploads\/2023\/07\/blake_je_veux_pas_aller_a_l_ecole-scaled.webp\" \/>\n\t<meta property=\"og:image:width\" content=\"2059\" \/>\n\t<meta property=\"og:image:height\" content=\"2560\" \/>\n\t<meta property=\"og:image:type\" content=\"image\/webp\" \/>\n<meta name=\"twitter:card\" content=\"summary_large_image\" \/>\n<meta name=\"twitter:label1\" content=\"Dur\u00e9e de lecture estim\u00e9e\" \/>\n\t<meta name=\"twitter:data1\" content=\"1 minute\" \/>\n<script type=\"application\/ld+json\" class=\"yoast-schema-graph\">{\"@context\":\"https:\/\/schema.org\",\"@graph\":[{\"@type\":\"WebPage\",\"@id\":\"https:\/\/simon-tv.com\/fr\/produit\/je-veux-pas-aller-a-lecole\/\",\"url\":\"https:\/\/simon-tv.com\/fr\/produit\/je-veux-pas-aller-a-lecole\/\",\"name\":\"Je veux pas aller \u00e0 l\u2019\u00e9cole - Simon\",\"isPartOf\":{\"@id\":\"https:\/\/simon-tv.com\/fr\/#website\"},\"primaryImageOfPage\":{\"@id\":\"https:\/\/simon-tv.com\/fr\/produit\/je-veux-pas-aller-a-lecole\/#primaryimage\"},\"image\":{\"@id\":\"https:\/\/simon-tv.com\/fr\/produit\/je-veux-pas-aller-a-lecole\/#primaryimage\"},\"thumbnailUrl\":\"https:\/\/simon-tv.com\/wp-content\/uploads\/2023\/07\/blake_je_veux_pas_aller_a_l_ecole-scaled.webp\",\"datePublished\":\"2023-07-14T09:44:42+00:00\",\"dateModified\":\"2023-07-14T16:22:09+00:00\",\"breadcrumb\":{\"@id\":\"https:\/\/simon-tv.com\/fr\/produit\/je-veux-pas-aller-a-lecole\/#breadcrumb\"},\"inLanguage\":\"fr-FR\",\"potentialAction\":[{\"@type\":\"ReadAction\",\"target\":[\"https:\/\/simon-tv.com\/fr\/produit\/je-veux-pas-aller-a-lecole\/\"]}]},{\"@type\":\"ImageObject\",\"inLanguage\":\"fr-FR\",\"@id\":\"https:\/\/simon-tv.com\/fr\/produit\/je-veux-pas-aller-a-lecole\/#primaryimage\",\"url\":\"https:\/\/simon-tv.com\/wp-content\/uploads\/2023\/07\/blake_je_veux_pas_aller_a_l_ecole-scaled.webp\",\"contentUrl\":\"https:\/\/simon-tv.com\/wp-content\/uploads\/2023\/07\/blake_je_veux_pas_aller_a_l_ecole-scaled.webp\",\"width\":2059,\"height\":2560},{\"@type\":\"BreadcrumbList\",\"@id\":\"https:\/\/simon-tv.com\/fr\/produit\/je-veux-pas-aller-a-lecole\/#breadcrumb\",\"itemListElement\":[{\"@type\":\"ListItem\",\"position\":1,\"name\":\"Home\",\"item\":\"https:\/\/simon-tv.com\/fr\/\"},{\"@type\":\"ListItem\",\"position\":2,\"name\":\"Shop Officiel Simon Super Lapin &#8211; O\u00f9 acheter\",\"item\":\"https:\/\/simon-tv.com\/fr\/shop-simon-super-lapin-ou-acheter\/\"},{\"@type\":\"ListItem\",\"position\":3,\"name\":\"Je veux pas aller \u00e0 l\u2019\u00e9cole\"}]},{\"@type\":\"WebSite\",\"@id\":\"https:\/\/simon-tv.com\/fr\/#website\",\"url\":\"https:\/\/simon-tv.com\/fr\/\",\"name\":\"Simon\",\"description\":\"The cutest little rabbit\",\"potentialAction\":[{\"@type\":\"SearchAction\",\"target\":{\"@type\":\"EntryPoint\",\"urlTemplate\":\"https:\/\/simon-tv.com\/fr\/?s={search_term_string}\"},\"query-input\":{\"@type\":\"PropertyValueSpecification\",\"valueRequired\":true,\"valueName\":\"search_term_string\"}}],\"inLanguage\":\"fr-FR\"}]}<\/script>\n<!-- \/ Yoast SEO plugin. -->","yoast_head_json":{"title":"Je veux pas aller \u00e0 l\u2019\u00e9cole - Simon","robots":{"index":"index","follow":"follow","max-snippet":"max-snippet:-1","max-image-preview":"max-image-preview:large","max-video-preview":"max-video-preview:-1"},"canonical":"https:\/\/simon-tv.com\/fr\/produit\/je-veux-pas-aller-a-lecole\/","og_locale":"fr_FR","og_type":"article","og_title":"Je veux pas aller \u00e0 l\u2019\u00e9cole - Simon","og_description":"Ecole Des Loisirs","og_url":"https:\/\/simon-tv.com\/fr\/produit\/je-veux-pas-aller-a-lecole\/","og_site_name":"Simon","article_modified_time":"2023-07-14T16:22:09+00:00","og_image":[{"width":2059,"height":2560,"url":"https:\/\/simon-tv.com\/wp-content\/uploads\/2023\/07\/blake_je_veux_pas_aller_a_l_ecole-scaled.webp","type":"image\/webp"}],"twitter_card":"summary_large_image","twitter_misc":{"Dur\u00e9e de lecture estim\u00e9e":"1 minute"},"schema":{"@context":"https:\/\/schema.org","@graph":[{"@type":"WebPage","@id":"https:\/\/simon-tv.com\/fr\/produit\/je-veux-pas-aller-a-lecole\/","url":"https:\/\/simon-tv.com\/fr\/produit\/je-veux-pas-aller-a-lecole\/","name":"Je veux pas aller \u00e0 l\u2019\u00e9cole - Simon","isPartOf":{"@id":"https:\/\/simon-tv.com\/fr\/#website"},"primaryImageOfPage":{"@id":"https:\/\/simon-tv.com\/fr\/produit\/je-veux-pas-aller-a-lecole\/#primaryimage"},"image":{"@id":"https:\/\/simon-tv.com\/fr\/produit\/je-veux-pas-aller-a-lecole\/#primaryimage"},"thumbnailUrl":"https:\/\/simon-tv.com\/wp-content\/uploads\/2023\/07\/blake_je_veux_pas_aller_a_l_ecole-scaled.webp","datePublished":"2023-07-14T09:44:42+00:00","dateModified":"2023-07-14T16:22:09+00:00","breadcrumb":{"@id":"https:\/\/simon-tv.com\/fr\/produit\/je-veux-pas-aller-a-lecole\/#breadcrumb"},"inLanguage":"fr-FR","potentialAction":[{"@type":"ReadAction","target":["https:\/\/simon-tv.com\/fr\/produit\/je-veux-pas-aller-a-lecole\/"]}]},{"@type":"ImageObject","inLanguage":"fr-FR","@id":"https:\/\/simon-tv.com\/fr\/produit\/je-veux-pas-aller-a-lecole\/#primaryimage","url":"https:\/\/simon-tv.com\/wp-content\/uploads\/2023\/07\/blake_je_veux_pas_aller_a_l_ecole-scaled.webp","contentUrl":"https:\/\/simon-tv.com\/wp-content\/uploads\/2023\/07\/blake_je_veux_pas_aller_a_l_ecole-scaled.webp","width":2059,"height":2560},{"@type":"BreadcrumbList","@id":"https:\/\/simon-tv.com\/fr\/produit\/je-veux-pas-aller-a-lecole\/#breadcrumb","itemListElement":[{"@type":"ListItem","position":1,"name":"Home","item":"https:\/\/simon-tv.com\/fr\/"},{"@type":"ListItem","position":2,"name":"Shop Officiel Simon Super Lapin &#8211; O\u00f9 acheter","item":"https:\/\/simon-tv.com\/fr\/shop-simon-super-lapin-ou-acheter\/"},{"@type":"ListItem","position":3,"name":"Je veux pas aller \u00e0 l\u2019\u00e9cole"}]},{"@type":"WebSite","@id":"https:\/\/simon-tv.com\/fr\/#website","url":"https:\/\/simon-tv.com\/fr\/","name":"Simon","description":"The cutest little rabbit","potentialAction":[{"@type":"SearchAction","target":{"@type":"EntryPoint","urlTemplate":"https:\/\/simon-tv.com\/fr\/?s={search_term_string}"},"query-input":{"@type":"PropertyValueSpecification","valueRequired":true,"valueName":"search_term_string"}}],"inLanguage":"fr-FR"}]}},"_links":{"self":[{"href":"https:\/\/simon-tv.com\/fr\/wp-json\/wp\/v2\/product\/11506","targetHints":{"allow":["GET"]}}],"collection":[{"href":"https:\/\/simon-tv.com\/fr\/wp-json\/wp\/v2\/product"}],"about":[{"href":"https:\/\/simon-tv.com\/fr\/wp-json\/wp\/v2\/types\/product"}],"replies":[{"embeddable":true,"href":"https:\/\/simon-tv.com\/fr\/wp-json\/wp\/v2\/comments?post=11506"}],"wp:featuredmedia":[{"embeddable":true,"href":"https:\/\/simon-tv.com\/fr\/wp-json\/wp\/v2\/media\/11507"}],"wp:attachment":[{"href":"https:\/\/simon-tv.com\/fr\/wp-json\/wp\/v2\/media?parent=11506"}],"wp:term":[{"taxonomy":"product_brand","embeddable":true,"href":"https:\/\/simon-tv.com\/fr\/wp-json\/wp\/v2\/product_brand?post=11506"},{"taxonomy":"product_cat","embeddable":true,"href":"https:\/\/simon-tv.com\/fr\/wp-json\/wp\/v2\/product_cat?post=11506"},{"taxonomy":"product_tag","embeddable":true,"href":"https:\/\/simon-tv.com\/fr\/wp-json\/wp\/v2\/product_tag?post=11506"}],"curies":[{"name":"wp","href":"https:\/\/api.w.org\/{rel}","templated":true}]}}

Je veux pas aller à l’école

<p>C&rsquo;est la veille de la rentrée et Simon a une nouvelle réplique préférée. Quand sa maman lui dit : « Tu vas aller à l&rsquo;école », quand son papa lui promet : « Tu vas apprendre l&rsquo;alphabet », Simon prend un air effaré et grognon et il crie : « Ça va pas non ! » C&rsquo;est le jour de la rentrée et Simon ne veut pas y aller. Mais une fois sur place, après avoir un peu pleuré, il s&rsquo;aperçoit qu&rsquo;on fait plein de choses formidables à l&rsquo;école. Alors, le soir, quand la maîtresse lui dit qu&rsquo;il faut partir, savez-vous ce qu&rsquo;il répond ?</p>

<!-- This site is optimized with the Yoast SEO plugin v26.4 - https://yoast.com/wordpress/plugins/seo/ -->
<title>Je veux pas aller à l’école - Simon</title>
<meta name="robots" content="index, follow, max-snippet:-1, max-image-preview:large, max-video-preview:-1" />
<link rel="canonical" href="https://simon-tv.com/fr/produit/je-veux-pas-aller-a-lecole/" />
<meta property="og:locale" content="fr_FR" />
<meta property="og:type" content="article" />
<meta property="og:title" content="Je veux pas aller à l’école - Simon" />
<meta property="og:description" content="Ecole Des Loisirs" />
<meta property="og:url" content="https://simon-tv.com/fr/produit/je-veux-pas-aller-a-lecole/" />
<meta property="og:site_name" content="Simon" />
<meta property="article:modified_time" content="2023-07-14T16:22:09+00:00" />
<meta property="og:image" content="https://simon-tv.com/wp-content/uploads/2023/07/blake_je_veux_pas_aller_a_l_ecole-scaled.webp" />
	<meta property="og:image:width" content="2059" />
	<meta property="og:image:height" content="2560" />
	<meta property="og:image:type" content="image/webp" />
<meta name="twitter:card" content="summary_large_image" />
<meta name="twitter:label1" content="Durée de lecture estimée" />
	<meta name="twitter:data1" content="1 minute" />
<script type="application/ld+json" class="yoast-schema-graph">{"@context":"https://schema.org","@graph":[{"@type":"WebPage","@id":"https://simon-tv.com/fr/produit/je-veux-pas-aller-a-lecole/","url":"https://simon-tv.com/fr/produit/je-veux-pas-aller-a-lecole/","name":"Je veux pas aller à l’école - Simon","isPartOf":{"@id":"https://simon-tv.com/fr/#website"},"primaryImageOfPage":{"@id":"https://simon-tv.com/fr/produit/je-veux-pas-aller-a-lecole/#primaryimage"},"image":{"@id":"https://simon-tv.com/fr/produit/je-veux-pas-aller-a-lecole/#primaryimage"},"thumbnailUrl":"https://simon-tv.com/wp-content/uploads/2023/07/blake_je_veux_pas_aller_a_l_ecole-scaled.webp","datePublished":"2023-07-14T09:44:42+00:00","dateModified":"2023-07-14T16:22:09+00:00","breadcrumb":{"@id":"https://simon-tv.com/fr/produit/je-veux-pas-aller-a-lecole/#breadcrumb"},"inLanguage":"fr-FR","potentialAction":[{"@type":"ReadAction","target":["https://simon-tv.com/fr/produit/je-veux-pas-aller-a-lecole/"]}]},{"@type":"ImageObject","inLanguage":"fr-FR","@id":"https://simon-tv.com/fr/produit/je-veux-pas-aller-a-lecole/#primaryimage","url":"https://simon-tv.com/wp-content/uploads/2023/07/blake_je_veux_pas_aller_a_l_ecole-scaled.webp","contentUrl":"https://simon-tv.com/wp-content/uploads/2023/07/blake_je_veux_pas_aller_a_l_ecole-scaled.webp","width":2059,"height":2560},{"@type":"BreadcrumbList","@id":"https://simon-tv.com/fr/produit/je-veux-pas-aller-a-lecole/#breadcrumb","itemListElement":[{"@type":"ListItem","position":1,"name":"Home","item":"https://simon-tv.com/fr/"},{"@type":"ListItem","position":2,"name":"Shop Officiel Simon Super Lapin &#8211; Où acheter","item":"https://simon-tv.com/fr/shop-simon-super-lapin-ou-acheter/"},{"@type":"ListItem","position":3,"name":"Je veux pas aller à l’école"}]},{"@type":"WebSite","@id":"https://simon-tv.com/fr/#website","url":"https://simon-tv.com/fr/","name":"Simon","description":"The cutest little rabbit","potentialAction":[{"@type":"SearchAction","target":{"@type":"EntryPoint","urlTemplate":"https://simon-tv.com/fr/?s={search_term_string}"},"query-input":{"@type":"PropertyValueSpecification","valueRequired":true,"valueName":"search_term_string"}}],"inLanguage":"fr-FR"}]}</script>
<!-- / Yoast SEO plugin. -->

Je veux pas aller à l’école - Simon

Shop Officiel Simon Super Lapin &#8211; Où acheter
